- 54. Calculate o(-16).
26
Let s(u) = -11*u**2 - 133*u + 22. Determine s(-11).
154
Let h(o) = -280*o - 835. Give h(-3).
5
Let x(z) = z**3 - 8*z**2 - 4*z + 19. Give x(2).
-13
Let s(r) = -r**3 + 10*r**2 + 73*r + 52. Determine s(15).
22
Let v(w) = 2*w**3 + 21*w**2 - 3*w - 25. What is v(-11)?
-113
Let i(u) = -u**2 - 47*u + 314. What is i(-53)?
-4
Let g(a) = a**3 + 47*a**2 - 506*a - 73. Determine g(-56).
39
Let r(l) = -2*l**2 - 119*l + 23. What is r(-61)?
-160
Let v(l) = -16*l - 321. What is v(-21)?
15
Let y(z) = -259*z + 4909. Give y(19).
-12
Let m(j) = -j**3 - 53*j**2 + 1463*j + 15. Give m(20).
75
Let l(r) = -r**2 + 2425*r + 17058. Calculate l(-7).
34
Let f(u) = -u**2 + 40*u - 238. Give f(22).
158
Let i(t) = 18*t**2 - 2284*t - 2556. Determine i(128).
4
Let j(o) = 280*o + 6448. Give j(-23).
8
Let u(d) = -11*d - 644. Determine u(-56).
-28
Let t(h) = 27*h**2 - 34*h + 1. Give t(6).
769
Let u(q) = -q**3 - 8*q**2 + 16*q + 8. Calculate u(-8).
-120
Let m(l) = 14*l + 107. Calculate m(-7).
9
Let q(h) = 161*h + 8208. Give q(-51).
-3
Let m(g) = -1259*g - 56652. Calculate m(-45).
3
Let f(a) = 14*a + 325. Determine f(-24).
-11
Let j(d) = d**2 + 37*d + 176. Give j(-33).
44
Let m(c) = c**2 - 73*c - 822. What is m(83)?
8
Let p(s) = -350*s - 40594. Determine p(-116).
6
Let l(c) = c**2 + 31*c - 3. What is l(-6)?
-153
Let g(q) = 1564*q + 4703. Give g(-3).
11
Let p(x) = -7*x + 269. Determine p(41).
-18
Let n(l) = 2*l**3 + l**2 - 3*l + 9. Determine n(-4).
-91
Let u(t) = 11*t**3 + 100*t**2 + 18*t - 16. Determine u(-9).
-97
Let c(b) = b**2 + 31*b - 14. What is c(-11)?
-234
Let n(c) = -c**3 - 29*c**2 + 401*c - 152. Give n(10).
-42
Let i(r) = -r**3 + 9*r**2 + 29*r + 68. What is i(12)?
-16
Let j(x) = 2*x**3 + 15*x**2 + 11*x - 44. Calculate j(-6).
-2
Let w(m) = -m**3 + 14*m**2 + 12*m - 340. Give w(13).
-15
Let i(w) = -53*w + 3347. What is i(63)?
8
Let w(q) = -q**3 + 12*q**2 + 43*q - 289. Give w(4).
11
Let l(z) = -z**2 + 1643*z - 13074. Determine l(8).
6
Let u(p) = -p**3 - 76*p**2 - 149*p + 72. Calculate u(-74).
146
Let z(x) = -127*x + 692. Calculate z(7).
-197
Let l(n) = n**2 - 122*n - 376. What is l(-3)?
-1
Let n(k) = -50*k**2 - 266*k - 90. Calculate n(-5).
-10
Let c(q) = -14*q - 443. Calculate c(-35).
47
Let p(g) = 2*g**2 + 602*g + 11753. Calculate p(-280).
-7
Let r(b) = 2*b**2 - 211*b + 63. Calculate r(106).
169
Let x(k) = 53*k**2 + 78*k - 160. Calculate x(2).
208
Let n(s) = -10*s - 64. Give n(-41).
346
Let a(z) = -11*z - 289. Determine a(-27).
8
Let a(c) = -4*c**3 - 38*c**2 - 15*c + 17. Calculate a(-9).
-10
Let y(q) = -3*q**3 - 24*q**2 + 49*q + 331. What is y(-7)?
-159
Let p(n) = -n**3 - 28*n**2 + 72*n + 341. Calculate p(-30).
-19
Let j(r) = r**3 - 4*r**2 - 18*r - 7. Calculate j(6).
-43
Let x(r) = r**2 + 207*r - 303. What is x(0)?
-303
Let g(w) = w**3 - 86*w**2 + 75*w + 675. Give g(85).
-175
Let c(f) = -f**3 + 147*f**2 + 112*f + 5330. Determine c(148).
2
Let f(p) = -p**3 + 3*p**2 - 41. What is f(6)?
-149
Let f(a) = -a**3 + 6*a**2 - 1516*a + 6035. Calculate f(4).
3
Let s(n) = -2*n**2 + 45*n - 73. Give s(21).
-10
Let m(t) = 135*t + 63. Determine m(-2).
-207
Let p(l) = -l**3 + 3*l**2 + 200*l + 148. Calculate p(16).
20
Let x(b) = -2*b**2 - 115*b - 1634. What is x(-30)?
16
Let h(v) = -188*v - 2067. Determine h(-11).
1
Let g(z) = -3*z - 283. What is g(-94)?
-1
Let k(y) = y**3 - y**2 - 121*y + 351. Give k(3).
6
Let z(j) = 2*j**3 - 57*j**2 - 37*j + 131. What is z(29)?
-101
Let d(m) = -m**3 + 9*m**2 + 29*m - 267. Determine d(9).
-6
Let s(t) = 34*t - 577. Determine s(12).
-169
Let q(j) = 3603*j - 11. What is q(0)?
-11
Let u(s) = -s**2 + 77*s + 335. What is u(-4)?
11
Let x(r) = -354*r - 8141. Determine x(-23).
1
Let z(v) = 8*v**2 + 58*v + 107. Determine z(-3).
5
Let x(o) = -3*o**2 - 8*o + 36. Determine x(-10).
-184
Let t(v) = 883*v + 42381. What is t(-48)?
-3
Let k(g) = -g**3 + 171*g**2 + 880*g - 90. What is k(176)?
-90
Let v(c) = -52*c**2 + 49*c + 97. What is v(-2)?
-209
Let j(g) = -742*g - 737. Calculate j(-1).
5
Let v(f) = -f**3 - 115*f**2 + 108*f - 907. What is v(-116)?
21
Let f(b) = -b**3 - 18*b**2 + 56*b - 111. What is f(-21)?
36
Let t(c) = c**2 - 32*c + 12. What is t(24)?
-180
Let g(m) = 384*m + 13414. What is g(-35)?
-26
Let j(p) = 2*p**2 - 49*p - 230. Give j(-4).
-2
Let p(m) = 15*m**2 + 11*m - 20. Give p(4).
264
Let t(y) = -30*y**2 - 272*y - 13. Determine t(-9).
5
Let l(q) = q**3 + 22*q**2 - 23*q + 5. Give l(-23).
5
Let s(i) = 18*i**2 + 203*i + 3. Give s(-11).
-52
Let h(w) = 7*w**3 + 139*w**2 - 27*w - 82. Calculate h(-20).
58
Let g(i) = -6050*i + 157289. What is g(26)?
-11
Let x(z) = -47*z + 100. Determine x(4).
-88
Let o(i) = 11*i**2 + 18*i + 29. Determine o(-3).
74
Let v(f) = 12*f - 8. Calculate v(4).
40
Let i(c) = -235*c**2 - 15*c + 15. Determine i(1).
-235
Let h(f) = 9*f**2 - 116*f + 450. What is h(4)?
130
Let z(y) = -3*y**3 - 4*y**2 + 47*y + 15. What is z(5)?
-225
Let q(o) = 23*o + 919. Calculate q(-41).
-24
Let c(p) = -p**3 - 8*p**2 - 69*p - 327. Give c(-6).
15
Let d(n) = n**3 + 16*n**2 + 42*n + 52. Determine d(-13).
13
Let c(i) = -i**3 - 12*i**2 + 70*i - 383. Determine c(-17).
-128
Let w(d) = d**3 + 12*d**2 - 109*d - 32. Calculate w(-18).
-14
Let a(b) = -b**3 - 95*b**2 + 267*b - 2640. Determine a(-98).
6
Let i(x) = 2*x**2 + 35*x + 135. What is i(-12)?
3
Let w(i) = -2*i**2 - i + 83. Determine w(-7).
-8
Let s(k) = 4422*k - 13271. What is s(3)?
-5
Let h(c) = 738*c - 4442. Give h(6).
-14
Let t(k) = -27875*k + 83627. Calculate t(3).
2
Let k(f) = -f**3 + 75*f**2 - 212*f - 5. Give k(3).
7
Let h(v) = 14*v + 380. What is h(-26)?
16
Let d(n) = -n**2 + 21*n + 440. Determine d(34).
-2
Let k(d) = -7*d + 175. Calculate k(35).
-70
Let x(j) = -29*j**2 - 231*j. Calculate x(-8).
-8
Let i(f) = -f**3 + 8*f**2 + 18*f - 131. Determine i(8).
13
Let q(s) = 188*s + 3. Give q(1).
191
Let v(z) = 191*z + 9180. Give v(-48).
12
Let g(j) = 1098*j + 1106. Give g(-1).
8
Let j(z) = -2*z**2 + 344*z - 2295. What is j(165)?
15
Let y(f) = -43*f + 2200. Give y(51).
7
Let n(f) = -96*f - 2183. Calculate n(-23).
25
Let j(n) = 2*n**3 + 125*n**2 + 53*n - 429. What is j(-62)?
129
Let o(w) = 284*w - 19806. What is o(70)?
74
Let g(d) = -d**3 + 29*d**2 - 36*d - 24. Calculate g(28).
-248
Let h(v) = v**3 - 59*v**2 + 662*v - 20. Determine h(15).
10
Let o(g) = -g**3 + 6*g**2 + 150*g - 953. Determine o(6).
-53
Let n(c) = -14*c + 14. Determine n(14).
-182
Let v(d) = d**3 - 8*d**2 + 6*d - 43. Calculate v(8).
5
Let a(u) = -31*u - 490. Determine a(-17).
37
Let h(i) = i + 17. What is h(18)?
35
Let t(p) = 108*p + 559. Determine t(-5).
19
Let f(x) = -5*x**2 + 88*x - 174. Determine f(2).
-18
Let i(y) = -61*y + 5209. Give i(85).
24
Let g(t) = -t**3 - 38*t**2 + 169*t + 12. Calculate g(-42).
-30
Let i(w) = w**2 + 47*w + 337. Give i(-9).
-5
Let j(z) = -z**3 - 6*z**2 - 4*z - 50. Calculate j(-6).
-26
Let f(o) = -o**3 + 4*o**2 - 6*o + 73. Determine f(7).
-116
Let r(l) = -l**3 - 14*l**2 - 3*l - 12. Calculate r(-15).
258
Let k(m) = -2*m**3 - 23*m**2 + 65*m - 28. What is k(-14)?
42
Let w(s) = -3*s**2 + 6*s - 7. Determine w(6).
-79
Let j(k) = k**3 + 121*k**2 + 360*k + 567. What is j(-118)?
-141
Let z(n) = 525*n + 1535. Determine z(-3).
-40
Let u(c) = -5*c + 70. Give u(11).
15
Let h(j) = -43*j + 396. Calculate h(10).
-34
Let q(g) = -145*g - 2610. Calculate q(-16).
-290
Let o(d) = -d**3 - 27*d**2 - 29*d + 538. What is o(-25)?
13
Let q(d) = 352*d - 2825. Determine q(8).
-9
Let p(b) = -b**3 + 12*b**2 + 17*b - 10. Calculate p(8).
382
Let b(z) = 2*z**2 + 57*z - 301. What is b(5)?
34
Let p(w) = -148*w - 1914. Determine p(-13).
10
Let p(o) = -124*o - 1270. Calculate p(-10).
-30
Let h(b) = b**3 - 50*b**2 + 147*b - 277. Determine h(47).
5
Let a(z) = -z**2 - 31*z - 15. What is a(-28)?
69
Let z(v) = -104*v - 408. What is z(-5)?
112
Let y(a) = -27*a**2 + 54*a - 52. Calculate y(1).
-25
Let a(q) = q**2 - 107*q - 19498. Give a(-96).
-10
Let b(c) = 194*c - 1922. Calculate b(10).
18
Let x(k) = -k**3 + 47*k**2 - 210*k - 54. Give x(42).
-54
Let d(q) = 399*q**2 - 11*q + 12. Give d(1).
400
Let v(g) = g**3 + 9*g**2 + 9*g + 19. What is v(-4)?
63
Let o(m) = m**2 - 467*m - 6. Calculate o(0).
-6
Let c(r) = -14*r**2 + 6*r + 5. What is c(-1)?
-15
Let h(j) = j**3 - 132*j**2 - 134*j + 135. What is h(133)?
2
Let r(s) = 501*s + 996. Determine r(-2).
-6
Let m(l) =